-- https://www.phpmyadmin.net/
--
-- Anamakine: 127.0.0.1
-- Üretim Zamanı: 24 Kas 2022, 13:07:06
-- Sunucu sürümü: 10.4.25-MariaDB
-- PHP Sürümü: 8.0.19

START TRANSACTION;



--
-- Veritabanı: `berber`
--

-- --------------------------------------------------------

--
-- Tablo için tablo yapısı `categories`
--

CREATE TABLE `categories` (
  `id` bigint(20) UNSIGNED NOT NULL,
  `name` varchar(255) COLLATE utf8mb4_unicode_ci NOT NULL,
  `slug` varchar(255) COLLATE utf8mb4_unicode_ci NOT NULL,
  `short_description` mediumtext COLLATE utf8mb4_unicode_ci DEFAULT NULL,
  `description` text COLLATE utf8mb4_unicode_ci NOT NULL,
  `image` varchar(255) COLLATE utf8mb4_unicode_ci DEFAULT NULL,
  `created_at` timestamp NULL DEFAULT NULL,
  `updated_at` timestamp NULL DEFAULT NULL
) ENGINE=InnoDB DEFAULT CHARSET=utf8mb4 COLLATE=utf8mb4_unicode_ci;

--
-- Tablo döküm verisi `categories`
--

INSERT INTO `categories` (`id`, `name`, `slug`, `short_description`, `description`, `image`, `created_at`, `updated_at`) VALUES
(5, 'Saç Kesim Makinaları', 'sac-kesim-makinalari', 'Profesyonel saç kesim makinaları..', 'Profesyonel saç kesim makinaları..', 'sac-kesim-makinalari.jpg', '2022-11-23 05:21:06', '2022-11-23 05:21:06'),
(6, 'Makaslar', 'makaslar', 'Profesyonel makaslar..', 'Profesyonel makaslar..', 'makaslar.jpg', '2022-11-23 05:21:26', '2022-11-23 05:21:26'),
(7, 'Saç Düzleştirici ve Maşalar', 'sac-duzlestirici-ve-masalar', 'Profesyonel Saç Düzleştirici ve Maşalar', 'Profesyonel Saç Düzleştirici ve Maşalar', 'sac-duzlestirici-ve-masalar.jpg', '2022-11-23 05:21:55', '2022-11-23 05:21:55'),
(8, 'Ağda Makinaları', 'agda-makinalari', 'Profesyonel ağda makinaları..', 'Profesyonel ağda makinaları..', 'agda-makinalari.jpg', '2022-11-23 05:22:12', '2022-11-23 05:22:12');

-- --------------------------------------------------------

--
-- Tablo için tablo yapısı `contacts`
--

CREATE TABLE `contacts` (
  `id` bigint(20) UNSIGNED NOT NULL,
  `name` varchar(255) COLLATE utf8mb4_unicode_ci NOT NULL,
  `email` varchar(255) COLLATE utf8mb4_unicode_ci NOT NULL,
  `tel` varchar(255) COLLATE utf8mb4_unicode_ci NOT NULL,
  `message` text COLLATE utf8mb4_unicode_ci NOT NULL,
  `created_at` timestamp NULL DEFAULT NULL,
  `updated_at` timestamp NULL DEFAULT NULL
) ENGINE=InnoDB DEFAULT CHARSET=utf8mb4 COLLATE=utf8mb4_unicode_ci;

--
-- Tablo döküm verisi `contacts`
--

INSERT INTO `contacts` (`id`, `name`, `email`, `tel`, `message`, `created_at`, `updated_at`) VALUES
(1, 'mert özşahin', 'mert@deneme.com', '123123123', 'deneme mesajıdır', '2022-11-23 12:19:27', '2022-11-23 12:19:27');

-- --------------------------------------------------------

--
-- Tablo için tablo yapısı `failed_jobs`
--

CREATE TABLE `failed_jobs` (
  `id` bigint(20) UNSIGNED NOT NULL,
  `uuid` varchar(255) COLLATE utf8mb4_unicode_ci NOT NULL,
  `connection` text COLLATE utf8mb4_unicode_ci NOT NULL,
  `queue` text COLLATE utf8mb4_unicode_ci NOT NULL,
  `payload` longtext COLLATE utf8mb4_unicode_ci NOT NULL,
  `exception` longtext COLLATE utf8mb4_unicode_ci NOT NULL,
  `failed_at` timestamp NOT NULL DEFAULT current_timestamp()
) ENGINE=InnoDB DEFAULT CHARSET=utf8mb4 COLLATE=utf8mb4_unicode_ci;

-- --------------------------------------------------------

--
-- Tablo için tablo yapısı `migrations`
--

CREATE TABLE `migrations` (
  `id` int(10) UNSIGNED NOT NULL,
  `migration` varchar(255) COLLATE utf8mb4_unicode_ci NOT NULL,
  `batch` int(11) NOT NULL
) ENGINE=InnoDB DEFAULT CHARSET=utf8mb4 COLLATE=utf8mb4_unicode_ci;

--
-- Tablo döküm verisi `migrations`
--

INSERT INTO `migrations` (`id`, `migration`, `batch`) VALUES
(1, '2014_10_12_000000_create_users_table', 1),
(2, '2014_10_12_100000_create_password_resets_table', 1),
(3, '2019_08_19_000000_create_failed_jobs_table', 1),
(4, '2019_12_14_000001_create_personal_access_tokens_table', 1),
(5, '2022_11_21_125857_create_categories_table', 1),
(6, '2022_11_21_151358_create_sub_categories_table', 1),
(7, '2022_11_22_105201_create_products_table', 1),
(8, '2022_11_23_151126_create_contacts_table', 2);

-- --------------------------------------------------------

--
-- Tablo için tablo yapısı `products`
--

CREATE TABLE `products` (
  `id` bigint(20) UNSIGNED NOT NULL,
  `name` varchar(255) COLLATE utf8mb4_unicode_ci NOT NULL,
  `category_id` bigint(20) UNSIGNED DEFAULT NULL,
  `sub_category_id` bigint(20) UNSIGNED DEFAULT NULL,
  `slug` varchar(255) COLLATE utf8mb4_unicode_ci NOT NULL,
  `description` text COLLATE utf8mb4_unicode_ci DEFAULT NULL,
  `short_description` text COLLATE utf8mb4_unicode_ci DEFAULT NULL,
  `image` varchar(255) COLLATE utf8mb4_unicode_ci DEFAULT NULL,
  `images` varchar(255) COLLATE utf8mb4_unicode_ci DEFAULT NULL,
  `created_at` timestamp NULL DEFAULT NULL,
  `updated_at` timestamp NULL DEFAULT NULL
) ENGINE=InnoDB DEFAULT CHARSET=utf8mb4 COLLATE=utf8mb4_unicode_ci;

--
-- Tablo döküm verisi `products`
--

INSERT INTO `products` (`id`, `name`, `category_id`, `sub_category_id`, `slug`, `description`, `short_description`, `image`, `images`, `created_at`, `updated_at`) VALUES
(11, 'Andis-AAC-1', 5, 7, 'andis-aac-1', 'Andis-AAC-1 Profesyonel saç kesim makinası..', 'Andis-AAC-1 Profesyonel saç kesim makinası..', '1669191997.jpg', NULL, '2022-11-23 05:26:37', '2022-11-23 05:26:37'),
(12, 'Andis-D-4', 5, 7, 'andis-d-4', 'Andis-D-4 Profesyonel saç kesim makinası..', 'Andis-D-4 Profesyonel saç kesim makinası..', '1669192015.jpg', NULL, '2022-11-23 05:26:55', '2022-11-23 05:26:55'),
(13, 'Andis-D-8', 5, 7, 'andis-d-8', 'Andis-D-8 profesyonel saç kesim makinası..', 'Andis-D-8 profesyonel saç kesim makinası..', '1669192040.jpg', NULL, '2022-11-23 05:27:20', '2022-11-23 05:27:20'),
(14, 'Andis D-8.2', 5, 7, 'andis-d-82', 'Andis D-8.2 profesyonel saç kesim makinası..', 'Andis D-8.2 profesyonel saç kesim makinası..', '1669192097.jpg', NULL, '2022-11-23 05:28:17', '2022-11-23 05:28:17'),
(15, 'Andis-MBG-2', 5, 7, 'andis-mbg-2', 'Andis-MBG-2 profesyonel saç kesim makinası..', 'Andis-MBG-2 profesyonel saç kesim makinası..', '1669192119.jpg', NULL, '2022-11-23 05:28:39', '2022-11-23 05:28:39'),
(16, 'Andis-MR-1', 5, 7, 'andis-mr-1', 'Andis-MR-1 profesyonel saç kesim makinası..', 'Andis-MR-1 profesyonel saç kesim makinası..', '1669192137.jpg', NULL, '2022-11-23 05:28:57', '2022-11-23 05:28:57'),
(17, 'Andis-Nation', 5, 7, 'andis-nation', 'Andis-Nation profesyonel saç kesim makinası..', 'Andis-Nation profesyonel saç kesim makinası..', '1669192156.png', NULL, '2022-11-23 05:29:16', '2022-11-23 05:29:16'),
(18, 'Andis-RCT', 5, 7, 'andis-rct', 'Andis-RCT profesyonel saç kesim makinası..', 'Andis-RCT profesyonel saç kesim makinası..', '1669192175.jpg', NULL, '2022-11-23 05:29:35', '2022-11-23 05:29:35'),
(19, 'Andis-RT-1', 5, 7, 'andis-rt-1', 'Andis-RT-1 profesyonel saç kesim makinası..', 'Andis-RT-1 profesyonel saç kesim makinası..', '1669192203.jpg', NULL, '2022-11-23 05:30:03', '2022-11-23 05:30:03'),
(20, 'Andis-Supra', 5, 7, 'andis-supra', 'Andis-Supra profesyonel saç kesim makinası..', 'Andis-Supra profesyonel saç kesim makinası..', '1669192223.jpg', NULL, '2022-11-23 05:30:23', '2022-11-23 05:30:23'),
(21, 'Andis-t-outliner', 5, 7, 'andis-t-outliner', 'Andis-t-outliner profesyonel saç kesim makinası..', 'Andis-t-outliner profesyonel saç kesim makinası..', '1669192245.jpg', NULL, '2022-11-23 05:30:45', '2022-11-23 05:30:45'),
(22, 'Andis-TS2', 5, 7, 'andis-ts2', 'Andis-TS2 profesyonel saç kesim makinası..', 'Andis-TS2 profesyonel saç kesim makinası..', '1669192266.jpg', NULL, '2022-11-23 05:31:06', '2022-11-23 05:31:06'),
(23, 'Andis-US-1', 5, 7, 'andis-us-1', 'Andis-US-1 profesyonel saç kesim makinası..', 'Andis-US-1 profesyonel saç kesim makinası..', '1669192284.jpg', NULL, '2022-11-23 05:31:25', '2022-11-23 05:31:25'),
(24, 'Quattro-K32', 5, 8, 'quattro-k32', 'Quattro-K32 profesyonel saç kesim makinası', 'Quattro-K32 profesyonel saç kesim makinası', '1669192316.png', NULL, '2022-11-23 05:31:56', '2022-11-23 05:31:56'),
(25, 'Quattro-kK32', 5, 8, 'quattro-kk32', 'Quattro-kK32 profesyonel saç kesim makinası', 'Quattro-kK32 profesyonel saç kesim makinası', '1669192342.png', NULL, '2022-11-23 05:32:22', '2022-11-23 05:32:22'),
(26, 'Roman-031', 5, 9, 'roman-031', 'Roman-031 profesyonel saç kesim makinası..', 'Roman-031 profesyonel saç kesim makinası..', '1669192359.jpg', NULL, '2022-11-23 05:32:39', '2022-11-23 05:32:39'),
(27, 'Roman-032', 5, 9, 'roman-032', 'Roman-032 profesyonel saç kesim makinası..', 'Roman-032 profesyonel saç kesim makinası..', '1669192380.jpg', NULL, '2022-11-23 05:33:00', '2022-11-23 05:33:00'),
(28, 'Roman-033', 5, 9, 'roman-033', 'Roman-033 profesyonel saç kesim makinası..', 'Roman-033 profesyonel saç kesim makinası..', '1669192430.jpg', NULL, '2022-11-23 05:33:50', '2022-11-23 05:33:50'),
(29, 'Roman-Fantom', 5, 9, 'roman-fantom', 'Roman-Fantom profesyonel saç kesim makinası..', 'Roman-Fantom profesyonel saç kesim makinası..', '1669192470.jpg', NULL, '2022-11-23 05:34:30', '2022-11-23 05:34:30'),
(30, 'Roman-Shaver', 5, 9, 'roman-shaver', 'Roman-Shaver Profesyonel saç kesim makinası..', 'Roman-Shaver Profesyonel saç kesim makinası..', '1669192500.png', NULL, '2022-11-23 05:35:00', '2022-11-23 05:35:00'),
(31, 'Henbor-818', 6, 10, 'henbor-818', 'Henbor-818 profesyonel saç makası..', 'Henbor-818 profesyonel saç makası..', '1669192536.jpg', NULL, '2022-11-23 05:35:36', '2022-11-23 05:35:36'),
(32, 'Henbor-819', 6, 10, 'henbor-819', 'Henbor-819 profesyonel saç makası..', 'Henbor-819 profesyonel saç makası..', '1669192562.jpg', NULL, '2022-11-23 05:36:02', '2022-11-23 05:36:02'),
(33, 'Henbor-826', 6, 10, 'henbor-826', 'Henbor-826 profesyonel saç makası..', 'Henbor-826 profesyonel saç makası..', '1669192586.jpg', NULL, '2022-11-23 05:36:26', '2022-11-23 05:36:26'),
(34, 'Henbor-832', 6, 10, 'henbor-832', 'Henbor-832 profesyonel saç makası..', 'Henbor-832 profesyonel saç makası..', '1669192607.jpg', NULL, '2022-11-23 05:36:47', '2022-11-23 05:36:47'),
(35, 'Witte-1', 6, 11, 'witte-1', 'Witte-1 profesyonel saç makası..', 'Witte-1 profesyonel saç makası..', '1669192631.jpg', NULL, '2022-11-23 05:37:11', '2022-11-23 05:37:11'),
(36, 'Witte-2', 6, 11, 'witte-2', 'Witte-2 profesyonel saç makası..', 'Witte-2 profesyonel saç makası..', '1669192649.jpg', NULL, '2022-11-23 05:37:29', '2022-11-23 05:37:29'),
(37, 'RM-25', 7, 12, 'rm-25', 'RM-25 profesyonel saç düzleştiricisi..', 'RM-25 profesyonel saç düzleştiricisi..', '1669192672.jpg', NULL, '2022-11-23 05:37:52', '2022-11-23 05:37:52'),
(38, 'Guatro-3+1-Konsevre', 8, 13, 'guatro-31-konsevre', 'Guatro-3+1-Konsevre profesyonel ağda makinası..', 'Guatro-3+1-Konsevre profesyonel ağda makinası..', '1669192702.jpg', NULL, '2022-11-23 05:38:22', '2022-11-23 05:39:04'),
(39, 'Guatro-3+1-Profesyonel', 8, 13, 'guatro-31-profesyonel', 'Guatro-3+1-Profesyonel ağda makinası..', 'Guatro-3+1-ProGuatro-3+1-Profesyonel ağda makinası..fesyonel ağda makinası', '1669192725.jpg', NULL, '2022-11-23 05:38:45', '2022-11-23 05:38:45'),
(40, 'Guatro-Extreme', 8, 13, 'guatro-extreme', 'Guatro-Extreme profesyonel ağda makinası..', 'Guatro-Extreme profesyonel ağda makinası..', '1669192762.jpg', NULL, '2022-11-23 05:39:22', '2022-11-23 05:39:22'),
(41, 'Guatro-Kombine-Ağda', 8, 13, 'guatro-kombine-agda', 'Guatro profesyonel kombine ağda makinası..', 'Guatro profesyonel kombine ağda makinası..', '1669192787.jpg', NULL, '2022-11-23 05:39:47', '2022-11-23 05:39:47');

-- --------------------------------------------------------

--
-- Tablo için tablo yapısı `sub_categories`
--

CREATE TABLE `sub_categories` (
  `id` bigint(20) UNSIGNED NOT NULL,
  `name` varchar(255) COLLATE utf8mb4_unicode_ci NOT NULL,
  `category_id` bigint(20) UNSIGNED DEFAULT NULL,
  `slug` varchar(255) COLLATE utf8mb4_unicode_ci NOT NULL,
  `description` text COLLATE utf8mb4_unicode_ci DEFAULT NULL,
  `short_description` text COLLATE utf8mb4_unicode_ci DEFAULT NULL,
  `image` varchar(255) COLLATE utf8mb4_unicode_ci DEFAULT NULL,
  `created_at` timestamp NULL DEFAULT NULL,
  `updated_at` timestamp NULL DEFAULT NULL
) ENGINE=InnoDB DEFAULT CHARSET=utf8mb4 COLLATE=utf8mb4_unicode_ci;

--
-- Tablo döküm verisi `sub_categories`
--

INSERT INTO `sub_categories` (`id`, `name`, `category_id`, `slug`, `description`, `short_description`, `image`, `created_at`, `updated_at`) VALUES
(7, 'Andis', 5, 'andis', 'Andis marka profesyonel saç kesim makinaları..', 'Andis marka profesyonel saç kesim makinaları..', '1669191773.jpg', '2022-11-23 05:22:53', '2022-11-23 05:22:53'),
(8, 'Quattro', 5, 'quattro', 'Quattro marka profesyonel saç kesim makinaları..', 'Quattro marka profesyonel saç kesim makinaları..', '1669191831.png', '2022-11-23 05:23:51', '2022-11-23 05:23:51'),
(9, 'Roman', 5, 'roman', 'Roman marka profesyonel saç kesim makinaları', 'Roman marka profesyonel saç kesim makinaları', '1669191853.jpg', '2022-11-23 05:24:13', '2022-11-23 05:24:13'),
(10, 'Henbor', 6, 'henbor', 'Henbor marka profesyonel makaslar..', 'Henbor marka profesyonel makaslar..', '1669191876.jpg', '2022-11-23 05:24:36', '2022-11-23 05:24:36'),
(11, 'Witte', 6, 'witte', 'Witte marka profesyonel makaslar..', 'Witte marka profesyonel makaslar..', '1669191900.jpg', '2022-11-23 05:25:00', '2022-11-23 05:25:00'),
(12, 'Saç Düzleştirici ve Maşalar', 7, 'sac-duzlestirici-ve-masalar', 'Profesyonel saç düzleştirici ve maşalar', 'Profesyonel saç düzleştirici ve maşalar', '1669191933.jpg', '2022-11-23 05:25:33', '2022-11-23 05:25:33'),
(13, 'Ağda Makinaları', 8, 'agda-makinalari', 'Profesyonel ağda makinaları..', 'Profesyonel ağda makinaları..', '1669191959.jpg', '2022-11-23 05:25:59', '2022-11-23 05:25:59');

--
-- Dökümü yapılmış tablolar için indeksler
--

--
-- Tablo için indeksler `categories`
--
ALTER TABLE `categories`
  ADD PRIMARY KEY (`id`),
  ADD UNIQUE KEY `categories_name_unique` (`name`);

--
-- Tablo için indeksler `contacts`
--
ALTER TABLE `contacts`
  ADD PRIMARY KEY (`id`);

--
-- Tablo için indeksler `failed_jobs`
--
ALTER TABLE `failed_jobs`
  ADD PRIMARY KEY (`id`),
  ADD UNIQUE KEY `failed_jobs_uuid_unique` (`uuid`);

--
-- Tablo için indeksler `migrations`
--
ALTER TABLE `migrations`
  ADD PRIMARY KEY (`id`);

--
-- Tablo için indeksler `products`
--
ALTER TABLE `products`
  ADD PRIMARY KEY (`id`),
  ADD KEY `products_category_id_foreign` (`category_id`),
  ADD KEY `products_sub_category_id_foreign` (`sub_category_id`);

--
-- Tablo için indeksler `sub_categories`
--
ALTER TABLE `sub_categories`
  ADD PRIMARY KEY (`id`),
  ADD KEY `sub_categories_category_id_foreign` (`category_id`);

--
-- Dökümü yapılmış tablolar için AUTO_INCREMENT değeri
--

--
-- Tablo için AUTO_INCREMENT değeri `categories`
--
ALTER TABLE `categories`
  MODIFY `id` bigint(20) UNSIGNED NOT NULL AUTO_INCREMENT, AUTO_INCREMENT=9;

--
-- Tablo için AUTO_INCREMENT değeri `contacts`
--
ALTER TABLE `contacts`
  MODIFY `id` bigint(20) UNSIGNED NOT NULL AUTO_INCREMENT, AUTO_INCREMENT=2;

--
-- Tablo için AUTO_INCREMENT değeri `failed_jobs`
--
ALTER TABLE `failed_jobs`
  MODIFY `id` bigint(20) UNSIGNED NOT NULL AUTO_INCREMENT;

--
-- Tablo için AUTO_INCREMENT değeri `migrations`
--
ALTER TABLE `migrations`
  MODIFY `id` int(10) UNSIGNED NOT NULL AUTO_INCREMENT, AUTO_INCREMENT=9;

--
-- Tablo için AUTO_INCREMENT değeri `products`
--
ALTER TABLE `products`
  MODIFY `id` bigint(20) UNSIGNED NOT NULL AUTO_INCREMENT, AUTO_INCREMENT=42;

--
-- Tablo için AUTO_INCREMENT değeri `sub_categories`
--
ALTER TABLE `sub_categories`
  MODIFY `id` bigint(20) UNSIGNED NOT NULL AUTO_INCREMENT, AUTO_INCREMENT=14;

--
-- Dökümü yapılmış tablolar için kısıtlamalar
--

--
-- Tablo kısıtlamaları `products`
--
ALTER TABLE `products`
  ADD CONSTRAINT `products_category_id_foreign` FOREIGN KEY (`category_id`) REFERENCES `categories` (`id`) ON DELETE CASCADE,
  ADD CONSTRAINT `products_sub_category_id_foreign` FOREIGN KEY (`sub_category_id`) REFERENCES `sub_categories` (`id`) ON DELETE CASCADE;

--
-- Tablo kısıtlamaları `sub_categories`
--
ALTER TABLE `sub_categories`
  ADD CONSTRAINT `sub_categories_category_id_foreign` FOREIGN KEY (`category_id`) REFERENCES `categories` (`id`) ON DELETE CASCADE;
COMMIT;

